What is the remainder when 64902 is divided by 5890?
112
Calculate the remainder when 2420337 is divided by 79.
14
Calculate the remainder when 2034427 is divided by 6358.
6225
What is the remainder when 73159 is divided by 23392?
2983
What is the remainder when 136611 is divided by 887?
13
Calculate the remainder when 8333910 is divided by 2777902.
204
Calculate the remainder when 990803 is divided by 4163.
9
Calculate the remainder when 52872 is divided by 3251.
856
Calculate the remainder when 117959 is divided by 8.
7
What is the remainder when 1009234 is divided by 381?
346
What is the remainder when 18062956 is divided by 3280?
3276
What is the remainder when 31906387 is divided by 200?
187
What is the remainder when 51913761 is divided by 55?
31
Calculate the remainder when 24494 is divided by 185.
74
Calculate the remainder when 11373 is divided by 5193.
987
What is the remainder when 10132 is divided by 2476?
228
Calculate the remainder when 7529067 is divided by 1623.
1593
What is the remainder when 5788512 is divided by 25?
12
Calculate the remainder when 31092 is divided by 5992.
1132
Calculate the remainder when 65818 is divided by 1176.
1138
What is the remainder when 64581778 is divided by 104?
66
Calculate the remainder when 470724 is divided by 5883.
84
What is the remainder when 238883 is divided by 175?
8
Calculate the remainder when 463225 is divided by 912.
841
Calculate the remainder when 159153 is divided by 36.
33
What is the remainder when 482572 is divided by 37114?
90
Calculate the remainder when 13313889 is divided by 339.
3
What is the remainder when 1431484 is divided by 49?
47
Calculate the remainder when 48717 is divided by 15704.
1605
What is the remainder when 208231 is divided by 147?
79
Calculate the remainder when 111997 is divided by 945.
487
What is the remainder when 10569467 is divided by 206?
19
What is the remainder when 147312 is divided by 338?
282
Calculate the remainder when 40031 is divided by 1016.
407
Calculate the remainder when 3252020 is divided by 97.
95
What is the remainder when 3138490 is divided by 49?
40
What is the remainder when 58388 is divided by 24?
20
What is the remainder when 226096 is divided by 655?
121
Calculate the remainder when 1838259 is divided by 2807.
2481
Calculate the remainder when 14601067 is divided by 49.
47
Calculate the remainder when 274019 is divided by 1878.
1709
Calculate the remainder when 1892176 is divided by 1484.
76
Calculate the remainder when 2051164 is divided by 629.
624
Calculate the remainder when 520262568 is divided by 131.
129
Calculate the remainder when 41292 is divided by 41289.
3
Calculate the remainder when 409634 is divided by 45425.
809
What is the remainder when 18340450 is divided by 36?
34
Calculate the remainder when 3051258 is divided by 137.
131
Calculate the remainder when 738034 is divided by 145.
129
Calculate the remainder when 35635 is divided by 6968.
795
Calculate the remainder when 313950 is divided by 1432.
342
What is the remainder when 319355 is divided by 163?
38
Calculate the remainder when 309628 is divided by 1002.
10
Calculate the remainder when 9878005 is divided by 57.
19
What is the remainder when 86201 is divided by 43035?
131
What is the remainder when 50203436 is divided by 1764?
1760
Calculate the remainder when 3793908 is divided by 1896948.
12
Calculate the remainder when 69545188 is divided by 18.
10
Calculate the remainder when 3715810 is divided by 183.
178
What is the remainder when 533878 is divided by 2161?
111
Calculate the remainder when 112473 is divided by 1136.
9
Calculate the remainder when 163778 is divided by 53891.
2105
What is the remainder when 2902151 is divided by 85?
81
Calculate the remainder when 71421 is divided by 71175.
246
Calculate the remainder when 16973338 is divided by 2828889.
4
What is the remainder when 1093851 is divided by 602?
17
Calculate the remainder when 135640 is divided by 744.
232
What is the remainder when 23614 is divided by 11629?
356
Calculate the remainder when 111361 is divided by 111333.
28
Calculate the remainder when 2479202 is divided by 278.
276
What is the remainder when 8929287 is divided by 1092?
3
Calculate the remainder when 620297 is divided by 16323.
23
Calculate the remainder when 623228 is divided by 761.
730
What is the remainder when 4981146 is divided by 6469?
16
Calculate the remainder when 11704605 is divided by 1426.
1423
Calculate the remainder when 318244868 is divided by 9.
8
Calculate the remainder when 3343199 is divided by 9060.
59
What is the remainder when 1452900 is divided by 112?
36
Calculate the remainder when 16911346 is divided by 960.
946
What is the remainder when 42289 is divided by 41721?
568
Calculate the remainder when 97888 is divided by 97641.
247
What is the remainder when 245936 is divided by 336?
320
What is the remainder when 416692602 is divided by 208346301?
0
Calculate the remainder when 759253 is divided by 31635.
13
What is the remainder when 182660 is divided by 139?
14
What is the remainder when 1817999 is divided by 55?
29
What is the remainder when 108846 is divided by 891?
144
What is the remainder when 49946 is divided by 49931?
15
What is the remainder when 604173 is divided by 9900?
273
Calculate the remainder when 8169239 is divided by 943.
30
What is the remainder when 3433485 is divided by 1615?
1610
What is the remainder when 2895462 is divided by 20?
2
What is the remainder when 958575 is divided by 706?
533
What is the remainder when 39151 is divided by 3519?
442
Calculate the remainder when 1217056 is divided by 1216943.
113
Calculate the remainder when 5398671 is divided by 185.
1
Calculate the remainder when 3401191 is divided by 4289.
14
Calculate the remainder when 182140 is divided by 3569.
121
Calculate the remainder when 944451 is divided by 314322.
1485
What is the remainder when 171709396 is divided by 4439?
4437
What is the remainder when 1084824 is divided by 239?
3
What is the remainder when 14183113 is divided by 3435?
3433
What is the remainder when 9570326 is divided by 11299?
73
What is the remainder when 11130139 is divided by 9071?
22
What is the remainder when 120453 is divided by 2073?
219
Calculate the remainder when 9471374 is divided by 8404.
66
What is the remainder when 25223 is divided by 25210?
13
Calculate the remainder when 45119085 is divided by 15039695.
0
Calculate the remainder when 38835767 is divided by 31.
21
Calculate the remainder when 23102201 is divided by 444.
437
What is the remainder when 820662 is divided by 746?
62
What is the remainder when 4600014 is divided by 32?
14
What is the remainder when 39095 is divided by 8973?
3203
What is the remainder when 469151 is divided by 233709?
1733
What is the remainder when 5401130 is divided by 80?
10
Calculate the remainder when 418677 is divided by 700.
77
Calculate the remainder when 494607 is divided by 164869.
0
What is the remainder when 76703 is divided by 8450?
653
What is the remainder when 26506880 is divided by 500?
380
Calculate the remainder when 500349 is divided by 6949.
21
What is the remainder when 1251595 is divided by 2952?
2899
What is the remainder when 18324 is divided by 6055?
159
What is the remainder when 488314 is divided by 1748?
622
Calculate the remainder when 7270843 is divided by 3002.
3001
What is the remainder when 469228 is divided by 13034?
4
What is the remainder when 6415672 is divided by 681?
652
What is the remainder when 1318076 is divided by 898?
710
What is the remainder when 664161 is divided by 9?
6
What is the remainder when 255585 is divided by 51?
24
What is the remainder when 2287827 is divided by 71494?
19
Calculate the remainder when 53050296 is divided by 4202.
46
Calculate the remainder when 10519504 is divided by 1753250.
4
What is the remainder when 115760301 is divided by 99?
96
What is the remainder when 45088 is divided by 20517?
4054
What is the remainder when 18542274 is divided by 1030126?
6
What is the remainder when 29665 is divided by 1375?
790
What is the remainder when 3004232 is divided by 9507?
20
Calculate the remainder when 7549696 is divided by 1509936.
16
What is the remainder when 3513559 is divided by 1756756?
47
What is the remai